e the remainder when 362 is divided by 40.
2
What is the remainder when 2033 is divided by 1013?
7
Calculate the remainder when 97 is divided by 14.
13
What is the remainder when 428 is divided by 10?
8
Calculate the remainder when 392 is divided by 44.
40
What is the remainder when 68 is divided by 28?
12
What is the remainder when 100 is divided by 29?
13
What is the remainder when 163 is divided by 17?
10
What is the remainder when 1050 is divided by 9?
6
What is the remainder when 652 is divided by 98?
64
Calculate the remainder when 252 is divided by 134.
118
Calculate the remainder when 227 is divided by 57.
56
What is the remainder when 109 is divided by 2?
1
What is the remainder when 51 is divided by 43?
8
Calculate the remainder when 169 is divided by 53.
10
Calculate the remainder when 109 is divided by 11.
10
What is the remainder when 81 is divided by 23?
12
Calculate the remainder when 202 is divided by 59.
25
What is the remainder when 172 is divided by 26?
16
What is the remainder when 172 is divided by 71?
30
Calculate the remainder when 82 is divided by 21.
19
Calculate the remainder when 1387 is divided by 10.
7
Calculate the remainder when 613 is divided by 8.
5
Calculate the remainder when 763 is divided by 308.
147
Calculate the remainder when 637 is divided by 32.
29
What is the remainder when 188 is divided by 19?
17
Calculate the remainder when 1518 is divided by 1508.
10
Calculate the remainder when 426 is divided by 109.
99
What is the remainder when 2257 is divided by 325?
307
Calculate the remainder when 13645 is divided by 182.
177
What is the remainder when 1430 is divided by 92?
50
What is the remainder when 155 is divided by 56?
43
Calculate the remainder when 1330 is divided by 330.
10
Calculate the remainder when 314 is divided by 158.
156
Calculate the remainder when 267 is divided by 39.
33
What is the remainder when 123 is divided by 37?
12
Calculate the remainder when 250 is divided by 36.
34
Calculate the remainder when 108 is divided by 24.
12
Calculate the remainder when 5522 is divided by 21.
20
What is the remainder when 83 is divided by 11?
6
What is the remainder when 501 is divided by 102?
93
What is the remainder when 57 is divided by 4?
1
Calculate the remainder when 51 is divided by 29.
22
What is the remainder when 131 is divided by 17?
12
Calculate the remainder when 182 is divided by 31.
27
Calculate the remainder when 781 is divided by 31.
6
What is the remainder when 152 is divided by 41?
29
Calculate the remainder when 1661 is divided by 119.
114
Calculate the remainder when 98 is divided by 36.
26
What is the remainder when 1171 is divided by 292?
3
What is the remainder when 374 is divided by 27?
23
What is the remainder when 1460 is divided by 288?
20
Calculate the remainder when 1289 is divided by 68.
65
Calculate the remainder when 2818 is divided by 94.
92
What is the remainder when 227 is divided by 33?
29
Calculate the remainder when 151 is divided by 13.
8
Calculate the remainder when 620 is divided by 308.
4
Calculate the remainder when 116 is divided by 12.
8
What is the remainder when 4174 is divided by 380?
374
Calculate the remainder when 326 is divided by 83.
77
What is the remainder when 241 is divided by 118?
5
Calculate the remainder when 808 is divided by 250.
58
What is the remainder when 259 is divided by 191?
68
Calculate the remainder when 10948 is divided by 73.
71
Calculate the remainder when 164 is divided by 54.
2
Calculate the remainder when 477 is divided by 237.
3
What is the remainder when 103 is divided by 21?
19
Calculate the remainder when 3637 is divided by 20.
17
Calculate the remainder when 281 is divided by 6.
5
What is the remainder when 180 is divided by 72?
36
Calculate the remainder when 436 is divided by 23.
22
Calculate the remainder when 3051 is divided by 286.
191
What is the remainder when 5948 is divided by 192?
188
Calculate the remainder when 210 is divided by 101.
8
What is the remainder when 14151 is divided by 56?
39
Calculate the remainder when 2044 is divided by 36.
28
What is the remainder when 51 is divided by 11?
7
What is the remainder when 57 is divided by 17?
6
What is the remainder when 530 is divided by 7?
5
Calculate the remainder when 604 is divided by 562.
42
Calculate the remainder when 175 is divided by 20.
15
Calculate the remainder when 584 is divided by 141.
20
What is the remainder when 457 is divided by 27?
25
Calculate the remainder when 39 is divided by 17.
5
Calculate the remainder when 307 is divided by 77.
76
Calculate the remainder when 302 is divided by 179.
123
What is the remainder when 31 is divided by 19?
12
What is the remainder when 1124 is divided by 75?
74
What is the remainder when 16 is divided by 9?
7
What is the remainder when 9716 is divided by 81?
77
Calculate the remainder when 2833 is divided by 30.
13
What is the remainder when 165 is divided by 35?
25
Calculate the remainder when 18433 is divided by 11.
8
What is the remainder when 347 is divided by 9?
5
What is the remainder when 5248 is divided by 50?
48
Calculate the remainder when 399 is divided by 53.
28
What is the remainder when 3310 is divided by 43?
42
Calculate the remainder when 12700 is divided by 16.
12
What is the remainder when 1109 is divided by 74?
73
Calculate the remainder when 73 is divided by 11.
7
Calculate the remainder when 817 is divided by 15.
7
Calculate the remainder when 6276 is divided by 314.
310
What is the remainder when 4135 is divided by 66?
43
Calculate the remainder when 6688 is divided by 69.
64
Calculate the remainder when 1528 is divided by 88.
32
What is the remainder when 661 is divided by 19?
15
What is the remainder when 124 is divided by 68?
56
What is the remainder when 2337 is divided by 26?
23
Calculate the remainder when 30 is divided by 11.
8
Calculate the remainder when 494 is divided by 30.
14
Calculate the remainder when 888 is divided by 252.
132
Calculate the remainder when 109 is divided by 13.
5
What is the remainder when 69 is divided by 25?
19
Calculate the remainder when 2413 is divided by 115.
113
Calculate the remainder when 37 is divided by 10.
7
What is the remainder when 569 is divided by 58?
47
What is the remainder when 117 is divided by 15?
12
Calculate the remainder when 146 is divided by 21.
20
Calculate the remainder when 6067 is divided by 25.
17
What is the remainder when 723 is divided by 145?
143
What is the remainder when 67 is divided by 8?
3
What is the remainder when 9744 is divided by 4870?
4
What is the remainder when 317 is divided by 64?
61
Calculate the remainder when 849 is divided by 19.
13
Calculate the remainder when 502 is divided by 163.
13
What is the remainder when 1164 is divided by 557?
50
Calculate the remainder when 12704 is divided by 97.
94
Calculate the remainder when 3288 is divided by 11.
10
What is the remainder when 475 is divided by 24?
19
Calculate the remainder when 112 is divided by 30.
22
What is the remainder when 497 is divided by 101?
93
What is the remainder when 39 is divided by 11?
6
What is the remainder when 438 is divided by 104?
22
What is the remainder when 2378 is divided by 48?
26
Calculate the remainder when 90 is divided by 24.
18
What is the remainder when 24 is divided by 9?
6
What is the remainder when 90 is divided by 12?
6
What is the remainder when 586 is divided by 34?
8
Calculate the remainder when 1768 is divided by 15.
13
What is the remainder when 825 is divided by 23?
20
What is the remainder when 139 is divided by 13?
9
What is the remainder when 147 is divided by 38?
33
What is the remainder when 1304 is divided by 1248?
56
What is the remainder when 541 is divided by 265?
11
What is the remainder when 642 is divided by 133?
110
What is the remainder when 1519 is divided by 14?
7
Calculate the remainder when 1006 is divided by 21.
19
Calculate the remainder when 133 is divided by 59.
15
Calculate the remainder when 1364 is divided by 121.
33
Calculate the remainder when 1247 is divided by 104.
103
What is the remainder when 23972 is divided by 25?
22
Calculate the remainder when 9376 is divided by 268.
264
Calculate the remainder when 454 is divided by 66.
58
What is the remainder when 800 is divided by